{"id":28,"date":"2018-10-04T09:37:37","date_gmt":"2018-10-04T09:37:37","guid":{"rendered":"https:\/\/platino.iuma.ulpgc.es\/?page_id=28"},"modified":"2018-10-24T09:51:01","modified_gmt":"2018-10-24T09:51:01","slug":"impacto","status":"publish","type":"page","link":"https:\/\/platino.iuma.ulpgc.es\/?page_id=28","title":{"rendered":"Impacto"},"content":{"rendered":"<p style=\"text-align: center;\"><span style=\"font-size: 24pt;\"><strong><b>Impacto cient\u00edfico\/t\u00e9cnico, social y econ\u00f3mico<\/b><\/strong><\/span><\/p>\n<p class=\"western\" align=\"justify\"><span style=\"font-size: 14pt;\"><span style=\"color: #000000;\"><span style=\"font-family: Arial, serif;\">\u00a0 \u00a0 \u00a0 \u00a0 \u00a0 \u00a0 Desde un punto de vista cient\u00edfico\/t\u00e9cnico, el mayor impacto del proyecto PLATINO es la posibilidad de obtener resultados que permitan <\/span><\/span><span style=\"color: #000000;\"><span style=\"font-family: Arial, serif;\"><b>evolucionar el estado del arte para implementar novedosos mecanismos de procesamiento inteligente de la informaci\u00f3n, que optimicen recursos a la vez que mejoren la capacidad y el tiempo de an\u00e1lisis<\/b><\/span><\/span><span style=\"color: #000000;\"><span style=\"font-family: Arial, serif;\">. Se a\u00fanan igualmente en un mismo proyecto diversas tecnolog\u00edas y herramientas de dise\u00f1o para ofrecer una visi\u00f3n global de un problema de car\u00e1cter heterog\u00e9neo. Las contribuciones previstas en cuanto al desarrollo de sistemas de procesamiento HW\/SW distribuidos para la fusi\u00f3n y el tratamiento avanzado de informaci\u00f3n sensorial heterog\u00e9nea como soporte a la supervisi\u00f3n y toma de decisiones (resultados del proyecto tal y como aparecen en la memoria t\u00e9cnica) implican ya de por s\u00ed un importante avance en el estado del arte y, por tanto, un gran impacto. Adem\u00e1s, el \u00e1mbito de aplicaci\u00f3n de estas contribuciones se recoge en la estrategia de I+D nacional (no s\u00f3lo en el Reto 2 seleccionado), y est\u00e1 incluido en las l\u00edneas prioritarias del programa Horizonte 2020 de la Uni\u00f3n Europea. <\/span><\/span> <span style=\"color: #000000;\"><span style=\"font-family: Arial, serif;\">El importante impacto social del proyecto PLATINO se sustenta en el propio \u00e1mbito del proyecto (<\/span><\/span><span style=\"color: #000000;\"><span style=\"font-family: Arial, serif;\"><b>supervisi\u00f3n<\/b><\/span><\/span><span style=\"color: #000000;\"><span style=\"font-family: Arial, serif;\"> de grandes espacios naturales abiertos, con especial \u00e9nfasis <\/span><\/span><span style=\"color: #000000;\"><span style=\"font-family: Arial, serif;\"><b>en el \u00e1mbito agr\u00edcola<\/b><\/span><\/span><span style=\"color: #000000;\"><span style=\"font-family: Arial, serif;\">), de gran preocupaci\u00f3n social y fruto de numerosas acciones, como <\/span><\/span><span style=\"color: #000000;\"><span style=\"font-family: Arial, serif;\"><b>un sector clave para el futuro de la humanidad<\/b><\/span><\/span><span style=\"color: #000000;\"><span style=\"font-family: Arial, serif;\"> y donde se centran diversos esfuerzos para su transformaci\u00f3n digital. As\u00ed, las contribuciones del proyecto plantean soluciones tecnol\u00f3gicas de gran impacto para dar soporte a nuevos y m\u00e1s avanzados servicios de supervisi\u00f3n y gesti\u00f3n, de forma que se facilite la toma de decisiones para un <\/span><\/span><span style=\"color: #000000;\"><span style=\"font-family: Arial, serif;\"><b>uso optimizado de los recursos naturales<\/b><\/span><\/span><span style=\"color: #000000;\"><span style=\"font-family: Arial, serif;\"> en general, y de car\u00e1cter agr\u00edcola en particular.<\/span><\/span><\/span><\/p>\n<p class=\"western\" align=\"justify\"><span style=\"font-size: 14pt;\"><span style=\"color: #000000;\"><span style=\"font-family: Arial, serif;\">\u00a0 \u00a0 \u00a0 \u00a0 \u00a0 \u00a0 Junto a las dimensiones cient\u00edfica y social, el impacto en el \u00e1mbito econ\u00f3mico est\u00e1 directamente ligada al mercado de la agricultura inteligente y al potencial de transferencia de las contribuciones de este proyecto al tejido socioecon\u00f3mico. Seg\u00fan diferentes informes (<\/span><\/span><span style=\"color: #000000;\"><span style=\"font-family: Arial, serif;\"><i>Transparency Market Research<\/i><\/span><\/span><span style=\"color: #000000;\"><span style=\"font-family: Arial, serif;\"> sobre el mercado y tendencias de 2017 a 2025), el mercado de la agricultura de precisi\u00f3n tiene un valor de aproximadamente 10.000 millones de euros a nivel mundial y un crecimiento del 6% anual en 2016. Las proyecciones indican que el tama\u00f1o de este mercado se ver\u00e1 incrementado en hasta 4 veces para finales del 2026. El peso de las soluciones tecnol\u00f3gicas se estima en un 50%, siendo el desarrollo de componentes hardware la locomotora de este segmento. Todo ello demuestra la gran oportunidad para las soluciones propuestas en PLATINO. Por un lado, las caracter\u00edsticas de la plataforma de servicios propuesta permitir\u00e1n soslayar algunos de los m\u00e1s importantes inconvenientes de los despliegues de servicios en el \u00e1mbito agr\u00edcola. La utilizaci\u00f3n de tecnolog\u00edas de PLATINO como soporte a la supervisi\u00f3n en zonas con especiales dificultades, aparte de las capacidades de procesamiento en tiempo real de informaci\u00f3n sensorial heterog\u00e9nea, abre un universo de posibilidades para una gesti\u00f3n eficiente de los procesos ligados al sector agr\u00edcola, permitiendo mejorar rendimientos, aumentar la calidad y disminuir los costes asociados. <\/span><\/span><span style=\"color: #000000;\"><span style=\"font-family: Arial, serif;\"><b>La visi\u00f3n global y homog\u00e9nea de esta propuesta<\/b><\/span><\/span><span style=\"color: #000000;\"><span style=\"font-family: Arial, serif;\">, con garant\u00edas de interoperabilidad tanto entre sus elementos como con infraestructuras previas, con la posibilidad de reconfiguraci\u00f3n de la propia plataforma para ofrecer distintos tipos de servicios distintos seg\u00fan las condiciones los requieran, <\/span><\/span><span style=\"color: #000000;\"><span style=\"font-family: Arial, serif;\"><b>es fundamental para permitir que empresas e instituciones apuesten por el desarrollo de la agricultura inteligente o de precisi\u00f3n; las primeras, como modelo de negocio, y las segundas, como mejora de un servicio p\u00fablico de calidad<\/b><\/span><\/span><span style=\"color: #000000;\"><span style=\"font-family: Arial, serif;\">. El modelo propuesto permite adem\u00e1s incrementar las posibilidades para nuevas empresas que quieran desarrollar nuevos servicios sobre una infraestructura flexible y adaptable.<\/span><\/span><\/span><\/p>\n","protected":false},"excerpt":{"rendered":"<p>Impacto cient\u00edfico\/t\u00e9cnico, social y econ\u00f3mico \u00a0 \u00a0 \u00a0 \u00a0 \u00a0 \u00a0 Desde un punto de vista cient\u00edfico\/t\u00e9cnico, el mayor impacto del proyecto PLATINO es la posibilidad de obtener resultados que permitan evolucionar el estado del arte para implementar novedosos mecanismos de procesamiento inteligente de la informaci\u00f3n, que optimicen recursos a la vez que mejoren la<\/p>\n<p class=\"more-link\"><a href=\"https:\/\/platino.iuma.ulpgc.es\/?page_id=28\" class=\"themebutton\">Read More<\/a><\/p>\n","protected":false},"author":2,"featured_media":0,"parent":0,"menu_order":0,"comment_status":"closed","ping_status":"closed","template":"","meta":{"footnotes":""},"class_list":["post-28","page","type-page","status-publish","hentry"],"_links":{"self":[{"href":"https:\/\/platino.iuma.ulpgc.es\/index.php?rest_route=\/wp\/v2\/pages\/28","targetHints":{"allow":["GET"]}}],"collection":[{"href":"https:\/\/platino.iuma.ulpgc.es\/index.php?rest_route=\/wp\/v2\/pages"}],"about":[{"href":"https:\/\/platino.iuma.ulpgc.es\/index.php?rest_route=\/wp\/v2\/types\/page"}],"author":[{"embeddable":true,"href":"https:\/\/platino.iuma.ulpgc.es\/index.php?rest_route=\/wp\/v2\/users\/2"}],"replies":[{"embeddable":true,"href":"https:\/\/platino.iuma.ulpgc.es\/index.php?rest_route=%2Fwp%2Fv2%2Fcomments&post=28"}],"version-history":[{"count":9,"href":"https:\/\/platino.iuma.ulpgc.es\/index.php?rest_route=\/wp\/v2\/pages\/28\/revisions"}],"predecessor-version":[{"id":212,"href":"https:\/\/platino.iuma.ulpgc.es\/index.php?rest_route=\/wp\/v2\/pages\/28\/revisions\/212"}],"wp:attachment":[{"href":"https:\/\/platino.iuma.ulpgc.es\/index.php?rest_route=%2Fwp%2Fv2%2Fmedia&parent=28"}],"curies":[{"name":"wp","href":"https:\/\/api.w.org\/{rel}","templated":true}]}}