{"id":26,"date":"2018-10-04T09:37:24","date_gmt":"2018-10-04T09:37:24","guid":{"rendered":"https:\/\/platino.iuma.ulpgc.es\/?page_id=26"},"modified":"2018-10-24T21:25:35","modified_gmt":"2018-10-24T21:25:35","slug":"consorcio","status":"publish","type":"page","link":"https:\/\/platino.iuma.ulpgc.es\/?page_id=26","title":{"rendered":"Consorcio"},"content":{"rendered":"<p style=\"text-align: center;\"><span style=\"font-size: 24pt;\"><strong>CONSORCIO<\/strong><\/span><\/p>\n<table style=\"border-collapse: collapse; width: 100%; height: 843px;\" border=\"1\">\n<tbody>\n<tr style=\"height: 193px;\">\n<td style=\"width: 17.1968%; height: 193px; text-align: center; vertical-align: middle; border-style: hidden;\"><a href=\"http:\/\/www.iuma.ulpgc.es\/\"><img loading=\"lazy\" decoding=\"async\" class=\"wp-image-138 aligncenter\" src=\"https:\/\/platino.iuma.ulpgc.es\/wp-content\/uploads\/2018\/10\/logo_iuma-203x300.jpg\" alt=\"\" width=\"91\" height=\"134\" srcset=\"https:\/\/platino.iuma.ulpgc.es\/wp-content\/uploads\/2018\/10\/logo_iuma-203x300.jpg 203w, https:\/\/platino.iuma.ulpgc.es\/wp-content\/uploads\/2018\/10\/logo_iuma.jpg 300w\" sizes=\"auto, (max-width: 91px) 100vw, 91px\" \/><\/a><\/td>\n<td style=\"width: 25.0049%; height: 193px; text-align: center; vertical-align: middle; border-style: hidden;\"><a href=\"https:\/\/www.ulpgc.es\/\"><img loading=\"lazy\" decoding=\"async\" class=\"wp-image-137 aligncenter\" src=\"https:\/\/platino.iuma.ulpgc.es\/wp-content\/uploads\/2018\/10\/logo_ulpgc-300x68.jpg\" alt=\"\" width=\"546\" height=\"124\" srcset=\"https:\/\/platino.iuma.ulpgc.es\/wp-content\/uploads\/2018\/10\/logo_ulpgc-300x68.jpg 300w, https:\/\/platino.iuma.ulpgc.es\/wp-content\/uploads\/2018\/10\/logo_ulpgc-768x174.jpg 768w, https:\/\/platino.iuma.ulpgc.es\/wp-content\/uploads\/2018\/10\/logo_ulpgc-1024x232.jpg 1024w, https:\/\/platino.iuma.ulpgc.es\/wp-content\/uploads\/2018\/10\/logo_ulpgc.jpg 1300w\" sizes=\"auto, (max-width: 546px) 100vw, 546px\" \/><\/a><\/td>\n<td style=\"width: 57.7982%; height: 193px; text-align: center; vertical-align: middle; border-style: hidden;\"><span style=\"font-family: arial, helvetica, sans-serif; font-size: 18pt;\"><span style=\"font-size: 18pt;\"><span style=\"font-size: 18pt;\">\u2022 <a href=\"http:\/\/www.iuma.ulpgc.es\/\">Instituto Universitario de Microelectr\u00f3nica Aplicada<\/a><\/span><\/span><\/span><\/p>\n<p><a href=\"https:\/\/www.ulpgc.es\/\"><span style=\"text-decoration: underline;\"><span style=\"font-family: arial, helvetica, sans-serif; font-size: 18pt;\"><strong>Universidad de Las Palmas de Gran Canaria<\/strong><\/span><\/span><\/a><\/td>\n<\/tr>\n<tr style=\"height: 331px;\">\n<td style=\"width: 17.1968%; height: 331px; text-align: center; vertical-align: middle; border-style: hidden;\"><a href=\"http:\/\/www.cei.upm.es\/\"><img loading=\"lazy\" decoding=\"async\" class=\"wp-image-136 aligncenter\" src=\"https:\/\/platino.iuma.ulpgc.es\/wp-content\/uploads\/2018\/10\/logo_cei-300x119.jpg\" alt=\"\" width=\"199\" height=\"79\" srcset=\"https:\/\/platino.iuma.ulpgc.es\/wp-content\/uploads\/2018\/10\/logo_cei-300x119.jpg 300w, https:\/\/platino.iuma.ulpgc.es\/wp-content\/uploads\/2018\/10\/logo_cei-768x305.jpg 768w, https:\/\/platino.iuma.ulpgc.es\/wp-content\/uploads\/2018\/10\/logo_cei-1024x406.jpg 1024w, https:\/\/platino.iuma.ulpgc.es\/wp-content\/uploads\/2018\/10\/logo_cei-1140x456.jpg 1140w, https:\/\/platino.iuma.ulpgc.es\/wp-content\/uploads\/2018\/10\/logo_cei-380x152.jpg 380w, https:\/\/platino.iuma.ulpgc.es\/wp-content\/uploads\/2018\/10\/logo_cei.jpg 1300w\" sizes=\"auto, (max-width: 199px) 100vw, 199px\" \/><\/a><a href=\"http:\/\/www.citsem.upm.es\/\"><img loading=\"lazy\" decoding=\"async\" class=\"wp-image-219 aligncenter\" src=\"https:\/\/platino.iuma.ulpgc.es\/wp-content\/uploads\/2018\/10\/logoCITSEM-300x135.jpg\" alt=\"\" width=\"229\" height=\"103\" srcset=\"https:\/\/platino.iuma.ulpgc.es\/wp-content\/uploads\/2018\/10\/logoCITSEM-300x135.jpg 300w, https:\/\/platino.iuma.ulpgc.es\/wp-content\/uploads\/2018\/10\/logoCITSEM-768x345.jpg 768w, https:\/\/platino.iuma.ulpgc.es\/wp-content\/uploads\/2018\/10\/logoCITSEM.jpg 800w\" sizes=\"auto, (max-width: 229px) 100vw, 229px\" \/><\/a><\/td>\n<td style=\"width: 25.0049%; height: 331px; text-align: center; vertical-align: middle; border-style: hidden;\"><a href=\"http:\/\/www.upm.es\/\"><img loading=\"lazy\" decoding=\"async\" class=\" wp-image-135 aligncenter\" src=\"https:\/\/platino.iuma.ulpgc.es\/wp-content\/uploads\/2018\/10\/logo_upm-300x231.png\" alt=\"\" width=\"195\" height=\"149\" srcset=\"https:\/\/platino.iuma.ulpgc.es\/wp-content\/uploads\/2018\/10\/logo_upm-300x231.png 300w, https:\/\/platino.iuma.ulpgc.es\/wp-content\/uploads\/2018\/10\/logo_upm-768x591.png 768w, https:\/\/platino.iuma.ulpgc.es\/wp-content\/uploads\/2018\/10\/logo_upm-1024x788.png 1024w, https:\/\/platino.iuma.ulpgc.es\/wp-content\/uploads\/2018\/10\/logo_upm.png 1535w\" sizes=\"auto, (max-width: 195px) 100vw, 195px\" \/><\/a><\/td>\n<td style=\"width: 57.7982%; height: 331px; text-align: center; vertical-align: middle; border-style: hidden;\"><span style=\"font-size: 18pt; font-family: arial, helvetica, sans-serif;\"><span style=\"font-size: 18pt;\">\u2022\u00a0<\/span><a href=\"http:\/\/www.cei.upm.es\/\">Centro de Electr\u00f3nica Industrial<\/a><\/span><\/p>\n<p><span style=\"font-family: arial, helvetica, sans-serif; font-size: 18pt;\"><span style=\"font-size: 18pt;\">\u2022\u00a0<\/span><a href=\"https:\/\/www.citsem.upm.es\/\">Centro de Investigaci\u00f3n en Tecnolog\u00edas Software y Sistemas Multimedia para la Sostenibilidad<\/a><\/span><\/p>\n<p><a href=\"http:\/\/www.upm.es\/\"><span style=\"text-decoration: underline;\"><span style=\"font-family: arial, helvetica, sans-serif; font-size: 18pt;\"><strong>Universidad Polit\u00e9cnica de Madrid<\/strong><\/span><\/span><\/a><\/td>\n<\/tr>\n<tr style=\"height: 133px;\">\n<td style=\"width: 17.1968%; height: 133px; text-align: center; vertical-align: middle; border-style: hidden;\"><a href=\"http:\/\/www.arcoresearch.com\/\"><img loading=\"lazy\" decoding=\"async\" class=\"size-full wp-image-223 aligncenter\" src=\"https:\/\/platino.iuma.ulpgc.es\/wp-content\/uploads\/2018\/10\/logoarco3d.jpeg\" alt=\"\" width=\"247\" height=\"134\" \/><\/a><\/td>\n<td style=\"width: 25.0049%; height: 133px; text-align: center; vertical-align: middle; border-style: hidden;\"><a href=\"https:\/\/www.uclm.es\/\"><img loading=\"lazy\" decoding=\"async\" class=\"size-medium wp-image-216 aligncenter\" src=\"https:\/\/platino.iuma.ulpgc.es\/wp-content\/uploads\/2018\/10\/universidad-clm_blanco-300x108.jpg\" alt=\"\" width=\"300\" height=\"108\" srcset=\"https:\/\/platino.iuma.ulpgc.es\/wp-content\/uploads\/2018\/10\/universidad-clm_blanco-300x108.jpg 300w, https:\/\/platino.iuma.ulpgc.es\/wp-content\/uploads\/2018\/10\/universidad-clm_blanco.jpg 677w\" sizes=\"auto, (max-width: 300px) 100vw, 300px\" \/><\/a><\/td>\n<td style=\"width: 57.7982%; height: 133px; text-align: center; vertical-align: middle; border-style: hidden;\"><span style=\"font-size: 18pt; font-family: arial, helvetica, sans-serif;\"><span style=\"font-size: 18pt;\">\u2022\u00a0<\/span><a href=\"http:\/\/www.arcoresearch.com\/\">Arquitectura y Redes de Computadores<\/a><\/span><\/p>\n<p><a href=\"https:\/\/www.uclm.es\/\"><span style=\"text-decoration: underline;\"><span style=\"font-family: arial, helvetica, sans-serif; font-size: 18pt;\"><strong>Universidad de Castilla-La Mancha<\/strong><\/span><\/span><\/a><\/td>\n<\/tr>\n<tr style=\"height: 186px;\">\n<td style=\"width: 17.1968%; height: 186px; text-align: center; vertical-align: middle; border-style: hidden;\"><a href=\"https:\/\/www.teisa.unican.es\/gim\/es\/index\"><img loading=\"lazy\" decoding=\"async\" class=\"wp-image-132 aligncenter\" src=\"https:\/\/platino.iuma.ulpgc.es\/wp-content\/uploads\/2018\/10\/logo_teisa.gif\" alt=\"\" width=\"98\" height=\"95\" \/><\/a><\/td>\n<td style=\"width: 25.0049%; height: 186px; text-align: center; vertical-align: middle; border-style: hidden;\"><a href=\"https:\/\/web.unican.es\/\"><img loading=\"lazy\" decoding=\"async\" class=\" wp-image-217 aligncenter\" src=\"https:\/\/platino.iuma.ulpgc.es\/wp-content\/uploads\/2018\/10\/uc_logo_blanco-300x296.jpg\" alt=\"\" width=\"132\" height=\"130\" srcset=\"https:\/\/platino.iuma.ulpgc.es\/wp-content\/uploads\/2018\/10\/uc_logo_blanco-300x296.jpg 300w, https:\/\/platino.iuma.ulpgc.es\/wp-content\/uploads\/2018\/10\/uc_logo_blanco-768x758.jpg 768w, https:\/\/platino.iuma.ulpgc.es\/wp-content\/uploads\/2018\/10\/uc_logo_blanco.jpg 882w\" sizes=\"auto, (max-width: 132px) 100vw, 132px\" \/><\/a><\/td>\n<td style=\"width: 57.7982%; height: 186px; text-align: center; vertical-align: middle; border-style: hidden;\"><span style=\"font-size: 18pt; font-family: arial, helvetica, sans-serif;\"><span style=\"font-size: 18pt;\">\u2022 <a href=\"https:\/\/www.teisa.unican.es\/gim\/es\/index\">Grupo de Ingenier\u00eda Microelectr\u00f3nica<\/a><\/span><\/span><\/p>\n<p><a href=\"https:\/\/web.unican.es\/\"><span style=\"text-decoration: underline;\"><span style=\"font-family: arial, helvetica, sans-serif; font-size: 18pt;\"><strong>Universidad de Cantabria<\/strong><\/span><\/span><\/a><\/td>\n<\/tr>\n<\/tbody>\n<\/table>\n","protected":false},"excerpt":{"rendered":"<p>CONSORCIO \u2022 Instituto Universitario de Microelectr\u00f3nica Aplicada Universidad de Las Palmas de Gran Canaria \u2022\u00a0Centro de Electr\u00f3nica Industrial \u2022\u00a0Centro de Investigaci\u00f3n en Tecnolog\u00edas Software y Sistemas Multimedia para la Sostenibilidad Universidad Polit\u00e9cnica de Madrid \u2022\u00a0Arquitectura y Redes de Computadores Universidad de Castilla-La Mancha \u2022 Grupo de Ingenier\u00eda Microelectr\u00f3nica Universidad de Cantabria<\/p>\n","protected":false},"author":2,"featured_media":0,"parent":0,"menu_order":0,"comment_status":"closed","ping_status":"closed","template":"","meta":{"footnotes":""},"class_list":["post-26","page","type-page","status-publish","hentry"],"_links":{"self":[{"href":"https:\/\/platino.iuma.ulpgc.es\/index.php?rest_route=\/wp\/v2\/pages\/26","targetHints":{"allow":["GET"]}}],"collection":[{"href":"https:\/\/platino.iuma.ulpgc.es\/index.php?rest_route=\/wp\/v2\/pages"}],"about":[{"href":"https:\/\/platino.iuma.ulpgc.es\/index.php?rest_route=\/wp\/v2\/types\/page"}],"author":[{"embeddable":true,"href":"https:\/\/platino.iuma.ulpgc.es\/index.php?rest_route=\/wp\/v2\/users\/2"}],"replies":[{"embeddable":true,"href":"https:\/\/platino.iuma.ulpgc.es\/index.php?rest_route=%2Fwp%2Fv2%2Fcomments&post=26"}],"version-history":[{"count":51,"href":"https:\/\/platino.iuma.ulpgc.es\/index.php?rest_route=\/wp\/v2\/pages\/26\/revisions"}],"predecessor-version":[{"id":285,"href":"https:\/\/platino.iuma.ulpgc.es\/index.php?rest_route=\/wp\/v2\/pages\/26\/revisions\/285"}],"wp:attachment":[{"href":"https:\/\/platino.iuma.ulpgc.es\/index.php?rest_route=%2Fwp%2Fv2%2Fmedia&parent=26"}],"curies":[{"name":"wp","href":"https:\/\/api.w.org\/{rel}","templated":true}]}}